= -l**3. Let i(n) = a(n) - h(n). What are the prime factors of i(16)?
2, 3, 5
Let y(i) = -i - 2. Let g be y(-8). Let q = g - -1. List the prime factors of q.
7
Suppose -7*w + 3553 = 10*w. List the prime factors of w.
11, 19
Suppose 4*t = -3*v + 42, 5*v - 14 = 2*t + 30. Let b = v + 12. List the prime factors of b.
2, 11
Let r(y) = -y**2 - 6*y - 1. Let z be r(-8). Let i = -9 - z. What are the prime factors of i*1/(0 - -1)?
2
Let u(o) = o**2 - o - 12. Let g be u(0). Let y be 4/(-14) + (-163)/(-7). Let m = y + g. What are the prime factors of m?
11
Let l(h) be the third derivative of h**6/120 + h**5/10 - 5*h**4/24 + 2*h**3/3 + h**2. Let i be l(-7). What are the prime factors of 2/(-4) + (-55)/i?
5
Let i be 8 - 6 - (0 - 0). Suppose -i*y = -0*y - 18. List the prime factors of y.
3
Suppose -g = -5*g + 124. What are the prime factors of g?
31
Let n(k) = -58*k - 12. List the prime factors of n(-4).
2, 5, 11
Suppose 10 = -3*t + 5*t. Suppose w = -4*w - 4*b + 108, 3*w - 50 = t*b. What are the prime factors of w?
2, 5
Let b(r) = r + 1. Suppose -2*k - 22 = -4*h, -k = 3*h - 3 + 9. Let g = 15 + k. List the prime factors of b(g).
7
Suppose -y - 30 = -4*y. List the prime factors of y.
2, 5
Let z(n) = -n**3 + 6*n**2 + 8*n - 4. List the prime factors of z(6).
2, 11
Let l(b) = 2*b**2 + 3*b**3 - 4*b**2 + 4*b**3 - 6*b**3. List the prime factors of l(4).
2
Let y = -46 - -90. What are the prime factors of y?
2, 11
Suppose 12 + 90 = 2*k. What are the prime factors of k?
3, 17
Suppose -3*j - 3*n + 2 = 5, -5*j + 2*n + 16 = 0. Suppose j*h = -5*t + 6, -2*t + 20 = 2*h + h. List the prime factors of h.
2
Let g = 10 - 4. Let n(j) = -j + 13. What are the prime factors of n(g)?
7
Let j(z) = 2*z**3 - 8*z**2 + 7*z + 8. List the prime factors of j(6).
2, 97
Suppose 0 = 2*k + k - 12. Suppose k*w = 8 + 64. List the prime factors of w.
2, 3
Let s(z) = -6*z**2 + 5*z - 3. Let w be s(3). Let t = w + 70. Let g = t - 17. List the prime factors of g.
11
Let t(x) = -x**3 - 8*x**2 + 4*x + 6. List the prime factors of t(-9).
3, 17
Let b(c) = 6*c + 6 + 0*c**2 + 2 - 2*c**2 + 3*c**2. What are the prime factors of b(-6)?
2
Suppose 0 = 4*k - k. Suppose k = q + 2 - 4. List the prime factors of 5/(q + (-3)/2).
2, 5
Let z be (-4696)/(-104) + 4/(-26). Suppose 0*b - 5*b = -z. List the prime factors of b.
3
List the prime factors of -129*3*(-4)/12.
3, 43
Let n(t) be the third derivative of -t**6/120 - t**4/24 - t**3/6 - t**2. Let l be n(-1). Let i = l + 2. List the prime factors of i.
3
Let l(v) = -4*v - 1. Suppose 0 = -r + 2. Suppose r*i - i + 2 = 0. List the prime factors of l(i).
7
List the prime factors of ((-20)/(-15))/((-4)/(-576)).
2, 3
Let p(n) = n**3 + 8*n**2 + n. List the prime factors of p(-5).
2, 5, 7
Let o(p) = -p**3 + 7*p**2 - 4*p - 5. Let h = -1 - -10. Suppose 4*s + h = -3*c + 36, 3*s = 5*c + 13. List the prime factors of o(s).
7
Let a(w) = w**3 - 10*w**2 + 12*w - 9. What are the prime factors of a(9)?
2, 3
Let s = 1 + 29. What are the prime factors of s?
2, 3, 5
Let j(f) = -19*f + 1. Let z be j(1). Let b = -10 - z. What are the prime factors of b?
2
Suppose 5*q + 3 = -2. Let t(b) = -9*b - 1. Let c be t(q). Suppose c = 3*a - a. List the prime factors of a.
2
Let b be 1 + 9/3 + -2. Suppose -f + 0*f = -b. What are the prime factors of f?
2
Let f(w) = 2*w - 12. Let o be f(5). Let s(n) = -7*n - 2. List the prime factors of s(o).
2, 3
Let x be -3 + 5 + -2 + 3. Let f(h) = 0*h**2 + 0*h**2 - h**3 + h + 3*h**2. List the prime factors of f(x).
3
Suppose 6*l = l - 10. Let s = 5 + l. Suppose 4*z = v - z - 29, 3*v + s*z - 33 = 0. What are the prime factors of v?
2, 7
Let p = -19 - -19. Suppose -5*l + 104 = 3*r - 84, 4*r + 16 = p. List the prime factors of l.
2, 5
Let o = -12 + 20. Suppose 3*a = 5*a - o. What are the prime factors of a?
2
Suppose -2*t = -y - 2*y + 20, -4*t = y - 30. List the prime factors of y.
2, 5
Let h(r) = 3*r**2 - 7*r + 1. What are the prime factors of h(6)?
67
Let w be (-72)/(-10) - (-2)/(-10). Suppose w*v + 35 = 8*v. What are the prime factors of v?
5, 7
Suppose 0 = -f, -g - 5*f + 184 = g. What are the prime factors of g?
2, 23
Let w(o) = 16*o**2 - 2*o - 8. What are the prime factors of w(4)?
2, 3, 5
Suppose -6 + 46 = -5*c. Let m be (-3)/2*c/(-6). What are the prime factors of (m + 1 + 8)*1?
7
Let g be (-2)/4*(-14 + 6). Suppose -3*u = g*v - 4, 3*v = -5*u - 1 - 7. Suppose y - l - 36 = -3*y, v*y - 52 = -3*l. What are the prime factors of y?
2, 5
Suppose 7 = 5*i - 18. Suppose 0 = -f + s + 7, 2*f - i*f - 3*s - 9 = 0. Suppose 4*w - 42 = f*t, 0 = 3*w - 3*t + 4*t - 44. What are the prime factors of w?
13
Suppose 3*c - 293 = j, -2*j - j = c - 91. List the prime factors of c.
97
Suppose d + 2*d - 367 = -4*z, d + 5*z - 126 = 0. Let k = 171 - d. What are the prime factors of k?
2, 5
Let c(q) = q**2 + 6*q + 2. Let b be c(-6). Suppose y - 55 + 20 = h, -b*y + h + 74 = 0. List the prime factors of y.
3, 13
Suppose -437 = -8*q + 155. List the prime factors of q.
2, 37
List the prime factors of ((-1802)/51)/((-4)/6).
53
List the prime factors of (68/6)/(4 + (-232)/60).
5, 17
Let h(y) = 2*y**2 - 5*y + 2. Suppose -1 = -a + 2. Let w be h(a). Suppose 4*f + 4 = 0, -q + w*q = -4*f + 28. List the prime factors of q.
2
Let x be 2/(-8) - 306/(-8). Suppose -x = -6*s + 4*s. List the prime factors of s.
19
Let v(r) = r**3 - 2*r**2 - 2*r + 3. Let y be v(3). Suppose 9*f = 8*f + 5. Suppose 0 = -f*z - y + 56. List the prime factors of z.
2, 5
Suppose 0 = -6*r + 8*r - 3*q - 236, 5*q = 4*r - 470. List the prime factors of r.
5, 23
Let x(v) be the second derivative of -v**3/6 - 4*v**2 - v. Let j be x(-8). Suppose 2*y - 8 - 18 = j. List the prime factors of y.
13
Let c(x) be the first derivative of -x**2 - 7*x + 7. What are the prime factors of c(-5)?
3
Let l = -153 + 232. What are the prime factors of l?
79
Let w(x) be the third derivative of x**4/24 - x**3/6 + 2*x**2. Let h be (6/(-5))/(12/(-80)). List the prime factors of w(h).
7
Let z be ((-3)/(-2))/(5/330). Suppose 0*y + 4*y - 60 = 4*q, -5*y + z = 3*q. List the prime factors of y.
2, 3
Let r(y) = -13*y - 3. List the prime factors of r(-3).
2, 3
Let u be 2/(-1) + 5 + 0. Suppose -5*g + 6 = 4*s, 0 = -4*g - 0*g + 4*s + 12. Suppose -g*w - u*w = -35. List the prime factors of w.
7
Let b(s) = -2*s + 6. What are the prime factors of b(-6)?
2, 3
Let u(x) = -x**3 - 13*x**2 - 2*x + 27. List the prime factors of u(-13).
53
Let l = -65 - -102. Let f = -1 + l. List the prime factors of f.
2, 3
Suppose -6*r = -r. What are the prime factors of 3 + (2 + r - 1)?
2
Let z(v) = -3*v + 8. What are the prime factors of z(-4)?
2, 5
Let y be 2/9 - (-4)/(-18). Suppose b + y*b - 12 = 0. What are the prime factors of b?
2, 3
Let g = 9 + -11. What are the prime factors of (2 + -3)/(g/30)?
3, 5
Suppose -2*p + 4*p - 10 = -2*t, p + 2*t - 8 = 0. Suppose 8 = 4*c, 0*o - p*o - 3*c + 114 = 0. Suppose o = -0*g + 3*g. List the prime factors of g.
2, 3
Let t = 18 + -5. Suppose -3*q + 14 = -t. What are the prime factors of (-224)/(-36) + (-2)/q?
2, 3
Suppose p = -3*c + 14 + 1, -c + p = -5. Suppose 0 = c*q - q - 4*m - 16, 3*q + m - 8 = 0. Suppose u = -5, 5*x - u = q*u + 80. What are the prime factors of x?
2, 3
What are the prime factors of (-8)/(-6) + (-1 - (-394)/6)?
2, 3, 11
Let u be -1*2/4*6. List the prime factors of u/(-2)*56/3.
2, 7
Suppose -x - 20 = -2*h - 133, -h = -5*x + 538. List the prime factors of x.
107
What are the prime factors of 78 + (4 - 3) + -1?
2, 3, 13
List the prime factors of 57*4*4/12.
2, 19
Let p(g) = -6*g + 3. What are the prime factors of p(-2)?
3, 5
Let n(r) = -9*r + 1. Let j be n(-1). Suppose -3*s + j = w, 2*w - 4*s - 48 = -3*s. List the prime factors of w.
2, 11
Suppose -4*h - 3*d + 4*d = -8, -d = -5*h + 11. Suppose -4*p + h*p = -21. List the prime factors of p.
3, 7
Suppose g + 2*v = -16 + 83, -2*g + 5*v + 98 = 0. List the prime factors of g.
59
Let k = 9 - 8. What are the prime factors of k*3/((-6)/(-34))?
17
Let g(c) = 6*c**3 + 3*c - 4. What are the prime factors of g(3)?
167
Suppose 0 = -17*b + 13*b + 28. What are the prime factors of b?
7
Suppose 2*i - 407 = -m - 4*m, -5 = -5*m. What are the prime factors of i?
3, 67
Let i(p) = -p**3 + 2*p**2 + p. Let u be i(2). Let k = 4 - u. Suppose 0 = k*o - 16 - 18. List the prime factors of o.
17
Let h(c) = 25*c + 1. List